umber?
True
Is 306908593 a composite number?
False
Is 5536375171 prime?
False
Is 622932515 a prime number?
False
Is 28439366551 a prime number?
False
Is 17657317393 prime?
False
Is 78257082953 a composite number?
True
Is 302725957 a prime number?
False
Is 580045265 prime?
False
Is 13589493109 a composite number?
False
Is 10123253765 a composite number?
True
Is 4688833697 composite?
True
Is 28221939007 a prime number?
True
Is 2400462619 a composite number?
False
Is 16897725485 prime?
False
Is 1345572967 a composite number?
True
Is 1346588909 prime?
True
Is 4392790913 composite?
True
Is 18717355067 a prime number?
False
Is 8632741769 a composite number?
True
Is 3109572773 prime?
True
Is 2384010791 a prime number?
True
Is 100144540127 composite?
False
Is 47317588091 a composite number?
False
Is 12549240917 prime?
True
Is 37710466307 a composite number?
True
Is 21117604789 a composite number?
False
Is 6063256561 prime?
True
Is 77326619969 composite?
False
Is 28576315507 composite?
True
Is 22577535901 a composite number?
True
Is 440160493 a composite number?
False
Is 2229321601 composite?
True
Is 2527803007 a prime number?
True
Is 837630503 composite?
False
Is 16746595243 composite?
True
Is 723158089 a composite number?
False
Is 545387803 a prime number?
True
Is 418427603 prime?
False
Is 17925722663 prime?
True
Is 1541436473 composite?
False
Is 99398152799 composite?
True
Is 1486915187 composite?
False
Is 11272742501 a composite number?
False
Is 2331689339 a composite number?
True
Is 32549359027 a prime number?
True
Is 742153397 a composite number?
True
Is 30144268387 a composite number?
False
Is 374471509 prime?
False
Is 13734941 a prime number?
False
Is 261709607 a prime number?
True
Is 3612937741 composite?
True
Is 5494309027 a prime number?
True
Is 1501549957 prime?
False
Is 428745535 composite?
True
Is 8257045193 prime?
True
Is 33967706809 a prime number?
True
Is 9096567791 prime?
False
Is 4629032711 a composite number?
True
Is 67837443 a prime number?
False
Is 7031479094 composite?
True
Is 93458633503 a composite number?
False
Is 47168074189 a composite number?
True
Is 20816290603 a prime number?
True
Is 1619899367 prime?
False
Is 1537129397 prime?
True
Is 144101644777 a composite number?
False
Is 435064079969 a prime number?
True
Is 2066359807 composite?
False
Is 108265661347 composite?
True
Is 2336164081 a composite number?
False
Is 475613549 a prime number?
True
Is 56194741839 a composite number?
True
Is 193811962 a composite number?
True
Is 3131499029 composite?
True
Is 3568423367 prime?
True
Is 2274058933 prime?
True
Is 200095193798 composite?
True
Is 180649979 a composite number?
False
Is 34987279631 a prime number?
True
Is 31973478283 composite?
False
Is 19723320343 a composite number?
True
Is 56813051 a composite number?
False
Is 33554483257 prime?
False
Is 81282988273 prime?
True
Is 22948097681 prime?
True
Is 1402363241 composite?
True
Is 2116200809 a composite number?
True
Is 806434529 composite?
True
Is 3481711977 prime?
False
Is 124512623 composite?
False
Is 3330787793 a prime number?
False
Is 16374469 a prime number?
True
Is 105166072747 a composite number?
True
Is 10954383911 prime?
True
Is 9178256543 prime?
True
Is 17854877221 composite?
True
Is 6088301581 a prime number?
True
Is 152992297 prime?
False
Is 1150764131 composite?
True
Is 13073954767 a prime number?
False
Is 52616687 composite?
False
Is 6306253469 a composite number?
False
Is 497258997 a prime number?
False
Is 7565697673 a composite number?
False
Is 13807303889 a composite number?
True
Is 51173323919 prime?
True
Is 1951005547 prime?
True
Is 3682176097 composite?
True
Is 752988823 a composite number?
False
Is 2079092929 a composite number?
True
Is 3238329119 a prime number?
False
Is 442987151 composite?
True
Is 196736599 prime?
False
Is 2973184687 composite?
True
Is 315997039 a composite number?
False
Is 19532628799 a prime number?
True
Is 2309267561 a composite number?
True
Is 1416209453 a prime number?
True
Is 8665823 prime?
False
Is 48484764283 composite?
False
Is 315101131955 a prime number?
False
Is 2207823017 a composite number?
False
Is 15355038967 a composite number?
True
Is 1987861313 composite?
False
Is 5870623943 prime?
True
Is 3021825263 composite?
True
Is 625569683 composite?
False
Is 12255532049 prime?
False
Is 42222547877 a prime number?
True
Is 5478118111 composite?
False
Is 23905592201 a prime number?
True
Is 151315019 composite?
True
Is 906000517 composite?
False
Is 745950949 prime?
True
Is 16578231 composite?
True
Is 2543079887 a composite number?
False
Is 12691775389 a prime number?
True
Is 25996520279 composite?
False
Is 15262465489 a prime number?
True
Is 1022423167 prime?
False
Is 14884173415 a prime number?
False
Is 4311856877 a composite number?
False
Is 10843670809 composite?
True
Is 1088205487411 composite?
True
Is 591590297 composite?
False
Is 1610898719 a prime number?
True
Is 17621740289 a composite number?
True
Is 40809262783 a prime number?
True
Is 8789243737 a prime number?
False
Is 28857388117 a prime number?
False
Is 3482061547 a prime number?
True
Is 1691779777 a prime number?
False
Is 5356183891 a composite number?
False
Is 200573977 composite?
False
Is 43195221571 composite?
True
Is 17529397 prime?
False
Is 9649350302 a prime number?
False
Is 272138807 a prime number?
True
Is 26535496921 a prime number?
True
Is 11310093689 prime?
True
Is 16649143187 a prime number?
False
Is 11490656561 a composite number?
False
Is 5866537381 a composite number?
False
Is 41814580799 a composite number?
False
Is 5211963643 prime?
False
Is 4072650397 a prime number?
True
Is 1494471313 a prime number?
True
Is 14684198561 a prime number?
True
Is 5722652123 composite?
True
Is 1848087011 a prime number?
True
Is 25552937353 a composite number?
False
Is 38463810457 a composite number?
True
Is 329767897 a composite number?
False
Is 191734948133 a composite number?
True
Is 2896485299 a composite number?
False
Is 31184237899 a composite number?
True
Is 255515179 prime?
False
Is 30744541909 prime?
True
Is 176834057 a prime number?
True
Is 14333406859 prime?
True
Is 1085893231 a prime number?
False
Is 100092022703 a composite number?
False
Is 6251953343 a prime number?
True
Is 5808386657 a prime number?
False
Is 13975066069 a prime number?
True
Is 5901317157 prime?
False
Is 90185521 composite?
True
Is 1008491431 a composite number?
False
Is 2651941417 a prime number?
False
Is 26050859 a composite number?
True
Is 65473775219 composite?
False
Is 8376157 prime?
False
Is 11277654251 a prime number?
True
Is 470711257 prime?
True
Is 14860189433 a prime number?
True
Is 186659541293 a prime number?
False
Is 658574393 composite?
False
Is 23742305123 a prime number?
False
Is 96027665269 composite?
True
Is 338897729 a prime number?
False
Is 107001085 a composite number?
True
Is 28617496706 composite?
True
Is 195748478491 composite?
False
Is 492253759 a composite number?
True
Is 6055663 composite?
True
Is 153640127 a composite number?
False
Is 1263721931 a composite number?
False
Is 27981955461 prime?
False
Is 265205573 a prime number?
True
Is 9614054053 a prime number?
True
Is 581082797 prime?
False
Is 4939145137 prime?
False
Is 51839513573 a prime number?
True
Is 670924063 a composite number?
False
Is 200232523 composite?
False
Is 777030157 prime?
True
Is 618966421 a prime number?
False
Is 104896763 composite?
False
Is 4979328379 prime?
False
Is 4261794319 composite?
False
Is 26536400113 prime?
True
Is 5977410827 composite?
False
Is 2174386423 prime?
False
Is 44131428293 a composite number?
False
Is 10826152261 a composite number?
False
Is 17719839911 a prime number?
True
Is 84099255403 a composite number?
True
Is 51019210559 a prime number?
True
Is 815921107 a prime number?
True
Is 2367729713 composite?
False
Is 145706332469 composite?
False
Is 614006059 composite?
False
Is 2878632157 a prime number?
False
Is 770353687 a prime number?
False
Is 123398216147 prime?
True
Is 10034985643 composite?
False
Is 60285983 composite?
True
Is 6323334293 a composite number?
False
Is 2612704949 composite?
True
Is 47730714671 composite?
False
Is 5373709426 composite?
True
Is 260447657 a prime number?
True
Is 57438866227 a composite number?
False
Is 514459247 composite?
False
Is 